n factor of 40922320 and 15936.
1328
What is the greatest common divisor of 22908 and 118398504?
996
What is the greatest common factor of 329148 and 5043?
123
Calculate the highest common factor of 1345 and 15016656.
269
Calculate the highest common factor of 423 and 6643591.
47
Calculate the highest common factor of 39 and 15879708.
39
Calculate the highest common factor of 81 and 91958985.
9
Calculate the highest common divisor of 81994754 and 11290.
2258
What is the greatest common divisor of 149031 and 561150?
261
What is the highest common divisor of 5718584 and 358986?
6298
What is the highest common divisor of 325 and 5200520?
65
What is the greatest common divisor of 231 and 3396316?
77
Calculate the greatest common factor of 226259 and 3598961.
307
Calculate the greatest common divisor of 71 and 39067253.
71
Calculate the highest common divisor of 2958 and 25488912.
174
What is the highest common divisor of 34 and 98849067?
17
Calculate the highest common divisor of 5084 and 690928.
124
Calculate the greatest common divisor of 34 and 60779692.
34
What is the highest common factor of 22 and 16170011?
11
What is the highest common factor of 251 and 360077321?
251
What is the greatest common divisor of 20 and 1493200?
20
Calculate the greatest common divisor of 1720 and 731731430.
430
Calculate the highest common divisor of 110336 and 65943.
431
Calculate the greatest common divisor of 1694 and 63217539.
847
Calculate the highest common factor of 63320461 and 17.
17
What is the highest common divisor of 126 and 2977344?
18
What is the greatest common divisor of 326051 and 8492?
11
What is the greatest common factor of 91482 and 1242534?
1158
Calculate the greatest common divisor of 221165 and 70399.
623
What is the highest common factor of 1449300 and 1200?
300
What is the greatest common factor of 684 and 1801848?
12
Calculate the greatest common divisor of 17 and 80585083.
17
What is the greatest common divisor of 19057168 and 4576?
208
What is the highest common factor of 321 and 12218437?
107
What is the greatest common divisor of 1126524 and 84?
84
Calculate the greatest common factor of 1233 and 132884109.
1233
What is the highest common divisor of 167 and 121399147?
167
Calculate the greatest common divisor of 260 and 144378.
26
Calculate the greatest common divisor of 15542 and 208088.
38
Calculate the greatest common divisor of 18455568 and 5796.
276
Calculate the highest common divisor of 5153260 and 1025.
5
Calculate the highest common factor of 9316 and 70377722.
4658
Calculate the highest common divisor of 66098989 and 19085.
3817
What is the greatest common divisor of 1369477 and 953418?
1213
What is the greatest common factor of 632 and 187625?
79
What is the highest common factor of 2131245 and 135?
135
What is the greatest common divisor of 307 and 336587125?
307
Calculate the highest common factor of 11522 and 48916.
14
What is the highest common factor of 5280 and 1325045040?
2640
Calculate the greatest common divisor of 324174205 and 4773.
1591
Calculate the highest common divisor of 30 and 12280450.
10
What is the greatest common factor of 4598150 and 225?
25
What is the highest common divisor of 238607 and 1376?
43
Calculate the highest common factor of 85334004 and 10476.
3492
What is the greatest common factor of 283085 and 209?
11
What is the greatest common divisor of 2464 and 2031708?
28
What is the greatest common factor of 33082 and 11662?
238
What is the highest common divisor of 4165 and 3772810?
85
What is the greatest common factor of 38900 and 234700?
100
What is the greatest common divisor of 2320 and 5467515?
145
Calculate the highest common divisor of 12426315 and 30.
15
What is the highest common divisor of 47104 and 69644?
92
Calculate the highest common factor of 1335487 and 298.
149
Calculate the greatest common divisor of 670 and 28295570.
10
What is the greatest common factor of 67212970 and 22?
22
What is the highest common divisor of 1084339 and 2333949?
4031
Calculate the highest common factor of 24327000 and 1020.
1020
What is the highest common divisor of 145789 and 92839?
353
What is the highest common divisor of 21424037 and 71?
71
What is the highest common factor of 3638 and 883713?
107
What is the highest common factor of 961 and 5766341?
31
What is the highest common factor of 1940366 and 6970?
82
Calculate the highest common divisor of 493 and 20840879.
29
What is the greatest common factor of 30736 and 20284178?
226
Calculate the highest common divisor of 2697 and 29264.
31
What is the highest common factor of 3479 and 416460653?
3479
Calculate the highest common factor of 9 and 371415717.
9
Calculate the greatest common factor of 750 and 2910.
30
Calculate the highest common divisor of 307 and 411655379.
307
Calculate the highest common factor of 172 and 174044134.
86
What is the greatest common divisor of 2472 and 15040266?
618
What is the greatest common factor of 12720 and 62184264?
1272
Calculate the highest common divisor of 1341 and 5280411.
447
What is the highest common divisor of 371442 and 2164748?
3994
What is the highest common divisor of 462106 and 14?
2
What is the highest common factor of 2911148 and 248?
124
Calculate the greatest common divisor of 5665686 and 18525.
741
Calculate the highest common factor of 20728 and 754896.
8
What is the highest common divisor of 8561 and 124509?
7
Calculate the greatest common divisor of 39 and 8828859.
39
Calculate the greatest common factor of 56682 and 5950482.
282
Calculate the greatest common factor of 913 and 6354563.
83
Calculate the greatest common factor of 19830 and 268335.
15
Calculate the greatest common factor of 544 and 285192.
136
Calculate the greatest common divisor of 39 and 132975297.
39
Calculate the greatest common divisor of 349 and 976769683.
349
Calculate the highest common factor of 35438 and 2474251.
377
What is the greatest common divisor of 6000629 and 1055?
211
What is the greatest common divisor of 2465351 and 7?
7
Calculate the greatest common factor of 128104122 and 6.
6
What is the highest common factor of 10608 and 1144338?
1326
What is the highest common divisor of 21 and 7487823?
21
Calculate the highest common divisor of 38592708 and 1815.
363
Calculate the highest common factor of 1917 and 14310.
27
Calculate the highest common factor of 25536994 and 406.
406
Calculate the greatest common divisor of 380 and 31466508.
76
What is the highest common divisor of 270834410 and 770?
770
Calculate the greatest common divisor of 35084 and 91724612.
5012
Calculate the highest common divisor of 16694986 and 40579.
1309
Calculate the highest common divisor of 1455 and 952515.
15
Calculate the highest common factor of 11559160 and 2120.
40
Calculate the highest common factor of 30 and 60738162.
6
What is the greatest common divisor of 1192332 and 73968?
804
What is the greatest common factor of 279403 and 105896?
31
Calculate the greatest common factor of 13860907 and 3.
1
Calculate the highest common divisor of 469040 and 158938.
26
What is the greatest common factor of 154090596 and 77?
11
Calculate the greatest common factor of 1311615 and 7.
1
Calculate the greatest common factor of 167997439 and 17967.
5989
Calculate the greatest common divisor of 40 and 4801856.
8
Calculate the highest common divisor of 33215 and 157255.
35
Calculate the highest common divisor of 150 and 4007350.
50
What is the highest common divisor of 768 and 13325568?
768
What is the greatest common factor of 87110 and 39370?
310
Calculate the highest common factor of 120 and 3816920.
40
Calculate the highest common divisor of 988 and 1786494.
38
Calculate the greatest common divisor of 53500585 and 159.
53
Calculate the highest common divisor of 148178 and 46698.
86
What is the highest common factor of 203 and 31634737?
29
What is the highest common divisor of 1537103 and 948?
79
What is the highest common factor of 700064 and 89604?
524
What is the highest common divisor of 65280 and 9073410?
510
Calculate the greatest common factor of 48229519 and 689.
13
Calculate the highest common divisor of 2418 and 13785798.
78
Calculate the highest common divisor of 16 and 64321324.
4
What is the greatest common divisor of 3619834